hen 2812 is divided by 44.
40
Calculate the remainder when 533 is divided by 89.
88
What is the remainder when 3419 is divided by 15?
14
What is the remainder when 109 is divided by 33?
10
What is the remainder when 154 is divided by 16?
10
Calculate the remainder when 112 is divided by 34.
10
What is the remainder when 401 is divided by 15?
11
What is the remainder when 212 is divided by 80?
52
Calculate the remainder when 583 is divided by 85.
73
What is the remainder when 220 is divided by 13?
12
What is the remainder when 3581 is divided by 28?
25
What is the remainder when 83 is divided by 33?
17
Calculate the remainder when 350 is divided by 52.
38
What is the remainder when 188 is divided by 8?
4
What is the remainder when 1027 is divided by 104?
91
Calculate the remainder when 381 is divided by 24.
21
What is the remainder when 1854 is divided by 206?
0
What is the remainder when 73 is divided by 16?
9
What is the remainder when 14838 is divided by 106?
104
Calculate the remainder when 1166 is divided by 10.
6
Calculate the remainder when 447 is divided by 45.
42
Calculate the remainder when 3672 is divided by 49.
46
Calculate the remainder when 3594 is divided by 32.
10
What is the remainder when 577 is divided by 21?
10
What is the remainder when 2063 is divided by 35?
33
Calculate the remainder when 242 is divided by 226.
16
What is the remainder when 652 is divided by 66?
58
Calculate the remainder when 237 is divided by 35.
27
What is the remainder when 317 is divided by 107?
103
Calculate the remainder when 1533 is divided by 96.
93
Calculate the remainder when 157 is divided by 8.
5
What is the remainder when 707 is divided by 105?
77
What is the remainder when 66 is divided by 32?
2
Calculate the remainder when 172 is divided by 62.
48
Calculate the remainder when 267 is divided by 17.
12
Calculate the remainder when 26 is divided by 15.
11
Calculate the remainder when 2789 is divided by 15.
14
What is the remainder when 474 is divided by 111?
30
Calculate the remainder when 403 is divided by 7.
4
Calculate the remainder when 542 is divided by 174.
20
What is the remainder when 4054 is divided by 12?
10
Calculate the remainder when 359 is divided by 52.
47
Calculate the remainder when 161 is divided by 55.
51
Calculate the remainder when 11099 is divided by 111.
110
Calculate the remainder when 818 is divided by 10.
8
Calculate the remainder when 60 is divided by 4.
0
What is the remainder when 8439 is divided by 40?
39
What is the remainder when 2018 is divided by 101?
99
Calculate the remainder when 1138 is divided by 338.
124
Calculate the remainder when 679 is divided by 29.
12
Calculate the remainder when 35 is divided by 25.
10
Calculate the remainder when 413 is divided by 26.
23
Calculate the remainder when 184 is divided by 8.
0
What is the remainder when 678 is divided by 194?
96
What is the remainder when 61 is divided by 25?
11
What is the remainder when 3676 is divided by 31?
18
Calculate the remainder when 926 is divided by 215.
66
Calculate the remainder when 106 is divided by 8.
2
Calculate the remainder when 128 is divided by 16.
0
What is the remainder when 778 is divided by 199?
181
Calculate the remainder when 460 is divided by 42.
40
What is the remainder when 95 is divided by 17?
10
Calculate the remainder when 34 is divided by 18.
16
Calculate the remainder when 2251 is divided by 1122.
7
Calculate the remainder when 69 is divided by 33.
3
What is the remainder when 102 is divided by 4?
2
Calculate the remainder when 12091 is divided by 6.
1
Calculate the remainder when 8807 is divided by 2931.
14
Calculate the remainder when 1453 is divided by 30.
13
What is the remainder when 12356 is divided by 167?
165
Calculate the remainder when 183 is divided by 46.
45
Calculate the remainder when 774 is divided by 49.
39
Calculate the remainder when 22 is divided by 5.
2
What is the remainder when 1003 is divided by 202?
195
Calculate the remainder when 398 is divided by 248.
150
Calculate the remainder when 40063 is divided by 16.
15
What is the remainder when 182 is divided by 33?
17
Calculate the remainder when 419 is divided by 97.
31
Calculate the remainder when 3072 is divided by 127.
24
What is the remainder when 549 is divided by 26?
3
What is the remainder when 73 is divided by 23?
4
Calculate the remainder when 110 is divided by 75.
35
Calculate the remainder when 405 is divided by 191.
23
Calculate the remainder when 5448 is divided by 10.
8
What is the remainder when 368 is divided by 22?
16
What is the remainder when 358 is divided by 138?
82
Calculate the remainder when 61 is divided by 51.
10
What is the remainder when 56 is divided by 17?
5
What is the remainder when 284 is divided by 87?
23
What is the remainder when 262 is divided by 12?
10
What is the remainder when 766 is divided by 39?
25
What is the remainder when 3037 is divided by 60?
37
What is the remainder when 461 is divided by 21?
20
Calculate the remainder when 657 is divided by 191.
84
What is the remainder when 46 is divided by 2?
0
Calculate the remainder when 260 is divided by 45.
35
Calculate the remainder when 695 is divided by 230.
5
Calculate the remainder when 127 is divided by 60.
7
What is the remainder when 411 is divided by 59?
57
What is the remainder when 83 is divided by 20?
3
Calculate the remainder when 605 is divided by 27.
11
Calculate the remainder when 348 is divided by 7.
5
Calculate the remainder when 180 is divided by 61.
58
What is the remainder when 375 is divided by 374?
1
Calculate the remainder when 3242 is divided by 112.
106
Calculate the remainder when 145 is divided by 76.
69
What is the remainder when 905 is divided by 44?
25
Calculate the remainder when 508 is divided by 126.
4
What is the remainder when 181 is divided by 37?
33
What is the remainder when 791 is divided by 79?
1
Calculate the remainder when 1632 is divided by 43.
41
What is the remainder when 518 is divided by 104?
102
Calculate the remainder when 622 is divided by 35.
27
Calculate the remainder when 474 is divided by 155.
9
What is the remainder when 861 is divided by 96?
93
Calculate the remainder when 625 is divided by 204.
13
Calculate the remainder when 1072 is divided by 29.
28
Calculate the remainder when 140 is divided by 73.
67
What is the remainder when 1901 is divided by 22?
9
Calculate the remainder when 192 is divided by 27.
3
Calculate the remainder when 675 is divided by 347.
328
What is the remainder when 65 is divided by 14?
9
What is the remainder when 46 is divided by 23?
0
What is the remainder when 1142 is divided by 282?
14
Calculate the remainder when 1725 is divided by 56.
45
What is the remainder when 128 is divided by 48?
32
Calculate the remainder when 198 is divided by 32.
6
What is the remainder when 85 is divided by 25?
10
What is the remainder when 5003 is divided by 45?
8
What is the remainder when 181 is divided by 126?
55
What is the remainder when 2185 is divided by 27?
25
Calculate the remainder when 9575 is divided by 36.
35
What is the remainder when 14878 is divided by 31?
29
Calculate the remainder when 49 is divided by 39.
10
What is the remainder when 8349 is divided by 116?
113
Calculate the remainder when 3906 is divided by 31.
0
What is the remainder when 352 is divided by 41?
24
Calculate the remainder when 168 is divided by 93.
75
Calculate the remainder when 154 is divided by 2.
0
Calculate the remainder when 151 is divided by 50.
1
Calculate the remainder when 499 is divided by 488.
11
Calculate the remainder when 3422 is divided by 51.
5
Calculate the remainder when 1152 is divided by 328.
168
What is the remainder when 259 is divided by 20?
19
What is the remainder when 222 is divided by 28?
26
Calculate the remainder when 2997 is divided by 5.
2
What is the remainder when 242 is divided by 36?
26
Calculate the remainder when 260 is divided by 81.
17
Calculate the remainder when 433 is divided by 31.
30
Calculate the remainder when 137 is divided by 69.
68
Calculate the remainder when 263 is divided by 67.
62
Calculate the remainder when 699 is divided by 70.
69
What is the remainder when 145 is divided by 32?
17
What is the remainder when 155 is divided by 100?
55
Calculate th